{"version":"1.0","provider_name":"Zero \u00e0 Esquerda","provider_url":"https:\/\/zeroaesquerda.com.br","author_name":"Zero \u00e0 Esquerda","author_url":"https:\/\/zeroaesquerda.com.br\/index.php\/author\/revistazeroaesquerdagmail-com\/","title":"Sobre o fim da escala 6x1 - Jailson Ramos - Zero \u00e0 Esquerda","type":"rich","width":600,"height":338,"html":"<blockquote class=\"wp-embedded-content\" data-secret=\"KBS5Ca2uyW\"><a href=\"https:\/\/zeroaesquerda.com.br\/index.php\/2024\/11\/12\/sobre-o-fim-da-escala-6x1-jailson-ramos\/\">Sobre o fim da escala 6&#215;1 &#8211; Jailson Ramos<\/a><\/blockquote><iframe sandbox=\"allow-scripts\" security=\"restricted\" src=\"https:\/\/zeroaesquerda.com.br\/index.php\/2024\/11\/12\/sobre-o-fim-da-escala-6x1-jailson-ramos\/embed\/#?secret=KBS5Ca2uyW\" width=\"600\" height=\"338\" title=\"&#8220;Sobre o fim da escala 6&#215;1 &#8211; Jailson Ramos&#8221; &#8212; Zero \u00e0 Esquerda\" data-secret=\"KBS5Ca2uyW\" frameborder=\"0\" marginwidth=\"0\" marginheight=\"0\" scrolling=\"no\" class=\"wp-embedded-content\"><\/iframe><script>\n\/*! This file is auto-generated *\/\n!function(d,l){\"use strict\";l.querySelector&&d.addEventListener&&\"undefined\"!=typeof URL&&(d.wp=d.wp||{},d.wp.receiveEmbedMessage||(d.wp.receiveEmbedMessage=function(e){var t=e.data;if((t||t.secret||t.message||t.value)&&!\/[^a-zA-Z0-9]\/.test(t.secret)){for(var s,r,n,a=l.querySelectorAll('iframe[data-secret=\"'+t.secret+'\"]'),o=l.querySelectorAll('blockquote[data-secret=\"'+t.secret+'\"]'),c=new RegExp(\"^https?:$\",\"i\"),i=0;i<o.length;i++)o[i].style.display=\"none\";for(i=0;i<a.length;i++)s=a[i],e.source===s.contentWindow&&(s.removeAttribute(\"style\"),\"height\"===t.message?(1e3<(r=parseInt(t.value,10))?r=1e3:~~r<200&&(r=200),s.height=r):\"link\"===t.message&&(r=new URL(s.getAttribute(\"src\")),n=new URL(t.value),c.test(n.protocol))&&n.host===r.host&&l.activeElement===s&&(d.top.location.href=t.value))}},d.addEventListener(\"message\",d.wp.receiveEmbedMessage,!1),l.addEventListener(\"DOMContentLoaded\",function(){for(var e,t,s=l.querySelectorAll(\"iframe.wp-embedded-content\"),r=0;r<s.length;r++)(t=(e=s[r]).getAttribute(\"data-secret\"))||(t=Math.random().toString(36).substring(2,12),e.src+=\"#?secret=\"+t,e.setAttribute(\"data-secret\",t)),e.contentWindow.postMessage({message:\"ready\",secret:t},\"*\")},!1)))}(window,document);\n\/\/# sourceURL=https:\/\/zeroaesquerda.com.br\/wp-includes\/js\/wp-embed.min.js\n<\/script>\n","thumbnail_url":"https:\/\/zeroaesquerda.com.br\/wp-content\/uploads\/2024\/11\/IMG-20241112-WA0038.jpg","thumbnail_width":715,"thumbnail_height":894,"description":"\u00c9 preciso interpretar a situa\u00e7\u00e3o enquanto um fato pol\u00edtico: pela primeira vez em muito tempo, o dito campo progressista conseguiu colocar uma pauta e produzir algum consenso em torno dela. Isso nos diz muito sobre a pot\u00eancia que a discuss\u00e3o a respeito das condi\u00e7\u00f5es de trabalho tem no campo da disputa pol\u00edtica. Pelo menos em um primeiro momento, ela tem conseguido juntar trabalhadores de todos os campos ideol\u00f3gicos em torno de uma reivindica\u00e7\u00e3o comum - o que n\u00e3o \u00e9 pouco."}

Zero à Esquerda

Sobre o fim da escala 6x1 - Jailson Ramos - Zero à Esquerda

<blockquote class="wp-embedded-content" data-secret="KBS5Ca2uyW"><a href="https://zeroaesquerda.com.br/index.php/2024/11/12/sobre-o-fim-da-escala-6x1-jailson-ramos/">Sobre o fim da escala 6&#215;1 &#8211; Jailson Ramos</a></blockquote><iframe sandbox="allow-scripts" security="restricted" src="https://zeroaesquerda.com.br/index.php/2024/11/12/sobre-o-fim-da-escala-6x1-jailson-ramos/embed/#?secret=KBS5Ca2uyW" width="600" height="338" title="&#8220;Sobre o fim da escala 6&#215;1 &#8211; Jailson Ramos&#8221; &#8212; Zero à Esquerda" data-secret="KBS5Ca2uyW" frameborder="0" marginwidth="0" marginheight="0" scrolling="no" class="wp-embedded-content"></iframe><script>
/*! This file is auto-generated */
!function(d,l){"use strict";l.querySelector&&d.addEventListener&&"undefined"!=typeof URL&&(d.wp=d.wp||{},d.wp.receiveEmbedMessage||(d.wp.receiveEmbedMessage=function(e){var t=e.data;if((t||t.secret||t.message||t.value)&&!/[^a-zA-Z0-9]/.test(t.secret)){for(var s,r,n,a=l.querySelectorAll('iframe[data-secret="'+t.secret+'"]'),o=l.querySelectorAll('blockquote[data-secret="'+t.secret+'"]'),c=new RegExp("^https?:$","i"),i=0;i<o.length;i++)o[i].style.display="none";for(i=0;i<a.length;i++)s=a[i],e.source===s.contentWindow&&(s.removeAttribute("style"),"height"===t.message?(1e3<(r=parseInt(t.value,10))?r=1e3:~~r<200&&(r=200),s.height=r):"link"===t.message&&(r=new URL(s.getAttribute("src")),n=new URL(t.value),c.test(n.protocol))&&n.host===r.host&&l.activeElement===s&&(d.top.location.href=t.value))}},d.addEventListener("message",d.wp.receiveEmbedMessage,!1),l.addEventListener("DOMContentLoaded",function(){for(var e,t,s=l.querySelectorAll("iframe.wp-embedded-content"),r=0;r<s.length;r++)(t=(e=s[r]).getAttribute("data-secret"))||(t=Math.random().toString(36).substring(2,12),e.src+="#?secret="+t,e.setAttribute("data-secret",t)),e.contentWindow.postMessage({message:"ready",secret:t},"*")},!1)))}(window,document);
//# sourceURL=https://zeroaesquerda.com.br/wp-includes/js/wp-embed.min.js
</script>

É preciso interpretar a situação enquanto um fato político: pela primeira vez em muito tempo, o dito campo progressista conseguiu colocar uma pauta e produzir algum consenso em torno dela. Isso nos diz muito sobre a potência que a discussão a respeito das condições de trabalho tem no campo da disputa política. Pelo menos em um primeiro momento, ela tem conseguido juntar trabalhadores de todos os campos ideológicos em torno de uma reivindicação comum - o que não é pouco.
